{"id":645,"date":"2025-01-08T14:13:40","date_gmt":"2025-01-08T14:13:40","guid":{"rendered":"https:\/\/www.elated-haslett.185-252-166-161.plesk.page\/?page_id=645"},"modified":"2025-01-08T15:06:52","modified_gmt":"2025-01-08T15:06:52","slug":"informationen-ueber-die-lnz","status":"publish","type":"page","link":"https:\/\/www.elated-haslett.185-252-166-161.plesk.page\/index.php\/informationen-ueber-die-lnz\/","title":{"rendered":"Informationen \u00fcber die LNZ"},"content":{"rendered":"\t\t<div data-elementor-type=\"wp-page\" data-elementor-id=\"645\" class=\"elementor elementor-645\" data-elementor-post-type=\"page\">\n\t\t\t\t<div class=\"elementor-element elementor-element-035849c e-con-full e-flex e-con e-parent\" data-id=\"035849c\" data-element_type=\"container\">\n\t\t\t\t<div class=\"elementor-element elementor-element-5a84cfa elementor-widget elementor-widget-text-editor\" data-id=\"5a84cfa\" data-element_type=\"widget\" data-widget_type=\"text-editor.default\">\n\t\t\t\t<div class=\"elementor-widget-container\">\n\t\t\t\t\t\t\t\t\t<p>\u00a0<\/p><p><a href=\"https:\/\/www.lechenicher-narrenzunft.de\/data\/uploads\/2023\/LNZWH.pdf\" target=\"_blank\" rel=\"noopener\">Wichtige Hinweise zum Einlass (PDF)<\/a><\/p><p><a href=\"https:\/\/www.lechenicher-narrenzunft.de\/data\/uploads\/2022\/D2022.pdf\" target=\"_blank\" rel=\"noopener\">Vorstellung des Lechenicher Dreigestirn 2022\/2023 (PDF)<\/a><\/p><p><a href=\"https:\/\/www.lechenicher-narrenzunft.de\/data\/uploads\/2020\/2aufn.pdf\" target=\"_blank\" rel=\"noopener\">Aufnahmeantrag der LNZ (PDF)<\/a><\/p><p><a href=\"https:\/\/www.lechenicher-narrenzunft.de\/data\/uploads\/2020\/2praes.pdf\" target=\"_blank\" rel=\"noopener\">Pr\u00e4sidenten der LNZ (PDF)<\/a><\/p><p><a href=\"https:\/\/www.lechenicher-narrenzunft.de\/data\/uploads\/2020\/2ehrenm.pdf\" target=\"_blank\" rel=\"noopener\">Ehrenmitglieder der LNZ (PDF)<\/a><\/p><p><a href=\"https:\/\/www.lechenicher-narrenzunft.de\/data\/uploads\/2020\/4tol.pdf\" target=\"_blank\" rel=\"noopener\">Tollit\u00e4ten der LNZ (PDF)<\/a><\/p><p><a href=\"https:\/\/www.lechenicher-narrenzunft.de\/data\/uploads\/2020\/2tolk.pdf\" target=\"_blank\" rel=\"noopener\">Kinder-Tollit\u00e4ten der LNZ (PDF)<\/a><\/p><p><a href=\"https:\/\/www.lechenicher-narrenzunft.de\/data\/uploads\/2020\/2wb.pdf\" target=\"_blank\" rel=\"noopener\">Windb\u00fcggelordenstr\u00e4ger (PDF)<\/a><\/p><p>\u00a0<\/p><p><strong>Satzung<\/strong><\/p><p><a href=\"https:\/\/www.lechenicher-narrenzunft.de\/data\/uploads\/downloads\/s2017.pdf\" target=\"_blank\" rel=\"noopener\">Satzung der LNZ (PDF)<\/a><\/p><p>\u00a0<\/p><p><strong>DSGVO<\/strong><\/p><p>Foto- und Filmaufnahmen<\/p><p>Mit dem Eintritt zu der jeweiligen Veranstaltung wird der Lechenicher Narrenzunft die Erlaubnis erteilt, Foto- und Filmaufnahmen zu fertigen und diese Aufnahmen im Zusammenhang mit der Veranstaltung f\u00fcr die \u00d6ffentlichkeitsarbeit und die Dokumentation, analog oder digital, zu verwenden.<\/p><p><img decoding=\"async\" src=\"https:\/\/www.lechenicher-narrenzunft.de\/data\/uploads\/downloads\/d1.gif\" alt=\"\" \/><\/p><p><strong>Foto- und Filmaufnahmen<\/strong><\/p><p>Mit dem Eintritt zu der jeweiligen Veranstaltung wird der Lechenicher Narrenzunft die Erlaubnis erteilt, Foto- und Filmaufnahmen zu fertigen und diese Aufnahmen im Zusammenhang mit der Veranstaltung f\u00fcr die \u00d6ffentlichkeitsarbeit und die Dokumentation, analog oder digital, zu verwenden.<\/p>\t\t\t\t\t\t\t\t<\/div>\n\t\t\t\t<\/div>\n\t\t\t\t<\/div>\n\t\t\t\t<\/div>\n\t\t","protected":false},"excerpt":{"rendered":"<p>\u00a0 Wichtige Hinweise zum Einlass (PDF) Vorstellung des Lechenicher Dreigestirn 2022\/2023 (PDF) Aufnahmeantrag der LNZ (PDF) Pr\u00e4sidenten der LNZ (PDF) Ehrenmitglieder der LNZ (PDF) Tollit\u00e4ten der LNZ (PDF) Kinder-Tollit\u00e4ten der LNZ (PDF) Windb\u00fcggelordenstr\u00e4ger (PDF) \u00a0 Satzung Satzung der LNZ (PDF) \u00a0 DSGVO Foto- und Filmaufnahmen Mit dem Eintritt zu der jeweiligen Veranstaltung wird der Lechenicher [&hellip;]<\/p>\n","protected":false},"author":1,"featured_media":0,"parent":0,"menu_order":0,"comment_status":"closed","ping_status":"closed","template":"","meta":{"footnotes":""},"class_list":["post-645","page","type-page","status-publish","hentry"],"_links":{"self":[{"href":"https:\/\/www.elated-haslett.185-252-166-161.plesk.page\/index.php\/wp-json\/wp\/v2\/pages\/645","targetHints":{"allow":["GET"]}}],"collection":[{"href":"https:\/\/www.elated-haslett.185-252-166-161.plesk.page\/index.php\/wp-json\/wp\/v2\/pages"}],"about":[{"href":"https:\/\/www.elated-haslett.185-252-166-161.plesk.page\/index.php\/wp-json\/wp\/v2\/types\/page"}],"author":[{"embeddable":true,"href":"https:\/\/www.elated-haslett.185-252-166-161.plesk.page\/index.php\/wp-json\/wp\/v2\/users\/1"}],"replies":[{"embeddable":true,"href":"https:\/\/www.elated-haslett.185-252-166-161.plesk.page\/index.php\/wp-json\/wp\/v2\/comments?post=645"}],"version-history":[{"count":16,"href":"https:\/\/www.elated-haslett.185-252-166-161.plesk.page\/index.php\/wp-json\/wp\/v2\/pages\/645\/revisions"}],"predecessor-version":[{"id":800,"href":"https:\/\/www.elated-haslett.185-252-166-161.plesk.page\/index.php\/wp-json\/wp\/v2\/pages\/645\/revisions\/800"}],"wp:attachment":[{"href":"https:\/\/www.elated-haslett.185-252-166-161.plesk.page\/index.php\/wp-json\/wp\/v2\/media?parent=645"}],"curies":[{"name":"wp","href":"https:\/\/api.w.org\/{rel}","templated":true}]}}